q). Calculate c(-1).
2
Let y(k) = -2*k + 6. Let i be y(4). Let o(a) = -a**3 - a**2 + 2*a - 2. Let t(g) = 4*g**3 + 5*g**2 - 8*g + 9. Let d(x) = i*t(x) - 9*o(x). Give d(3).
12
Let k(z) = -z**3 - z**2 - z + 2. Let w be k(0). Let q(g) = -2 - 3*g**2 - g**3 + 12*g + w - 8*g. Determine q(-4).
0
Let y(v) be the third derivative of v**4/24 - 2*v**3/3 - 235*v**2. Calculate y(3).
-1
Let f(w) = w**2 - 7*w + 7. Let k be (8 - 4) + (1 - 2). Suppose 3*o = -t + 11, -k*t - 2*t + 7 = -o. Suppose 6*y - o*y - 18 = 0. What is f(y)?
1
Let v = -85 - -81. Let k(l) be the second derivative of -l**3/6 + 5*l**2/2 - 3*l. What is k(v)?
9
Suppose 0 = 2*o - 4*x - 4 - 22, 2*x + 16 = 2*o. Suppose 0*d = -d - 5*v - 9, -5 = o*d + 4*v. Let p(b) = -b + 3*b + d + 0. Calculate p(-5).
-9
Let k(x) = -14*x + 32. Let s(w) = 5*w - 11. Let t(i) = -4*k(i) - 11*s(i). What is t(5)?
-2
Let r(t) = 2*t + 36. Let l be r(-15). Let z(j) = -j**2 + 4*j - 6. What is z(l)?
-18
Let l(c) = -c**3 - 6*c**2 - 2*c + 11. Let t(m) = -14*m - 117. Let f be t(-8). What is l(f)?
-4
Let f(h) = -h - 11. Let g be f(-7). Let w = 29 + -26. Let t(d) = 3*d + 4 - 2*d + 0*d**3 + 5*d**2 + 4*d + d**w. Give t(g).
0
Let c(b) = -b**3 + 4*b**2 - 4*b - 1. Let h = -41 - -32. Let q(t) = t**3 + 10*t**2 + 9*t + 4. Let z be q(h). Let r be (-2)/z - (-98)/28. What is c(r)?
-4
Let k(a) = -a**3 - a**2 - 7*a + 5. Let l(y) = -y + 1. Let z(x) = -k(x) + 5*l(x). Give z(-2).
-8
Let w = 44 - 19. Suppose -3*n = 5*c + 6, -2*c = -3*n + c + 18. Suppose n*j + 24 = 3*t, -5*j - t + 3 = w. Let u(m) = m**2 + 5*m - 2. Give u(j).
-2
Let z(g) = 2*g - 5. Suppose 0*d + 19 = d. Let s = d + -15. Suppose a - s + 0 = 0. Calculate z(a).
3
Let l(z) = 2*z**2 + 4*z - 4. Let k(n) = n + 14. Let c = -10 + -1. Let y be k(c). Suppose -4*a - 2*j = 2*j, 2*a + 20 = y*j. Give l(a).
12
Let w(t) = -7*t**2 + 9*t + 2. Let z(v) = 8*v**2 - 10*v - 5. Let n(d) = 4*w(d) + 3*z(d). What is n(2)?
-11
Let p(o) = -9*o + 3. Suppose -5*y + 10 = -5*g + 10*g, -5*g + 5*y + 30 = 0. Calculate p(g).
-33
Let i = -608 - -608. Let m(q) = q**3 - q**2 - 52. Give m(i).
-52
Let m(p) = -p + 6. Suppose 0*w - 3*w = 78. Let n be w/65 + 42/5. Calculate m(n).
-2
Let b(u) = -3*u + 83. Let i be b(25). Let k(m) = -m + 1. Give k(i).
-7
Let o(p) = -7*p + 4. Let f(z) = -9*z + 5. Let u(q) = -3*f(q) + 4*o(q). Let d be (-21)/2*(-22)/33. Calculate u(d).
-6
Suppose -d - 2*f = 1, 0 = -5*d + f - 2*f + 13. Let x = 0 + d. Let p(s) = 2 + 0 - 2*s + s. What is p(x)?
-1
Let z(t) be the third derivative of -t**6/120 + t**5/10 - 5*t**4/12 + t**3 + 2*t**2 - 101*t. Give z(6).
-54
Let z(v) = -v**2 + 2*v - 3. Let i(m) = -3*m**2 + 7*m - 11. Let x(u) = 3*i(u) - 8*z(u). What is x(4)?
-5
Let b = 5810 + -5803. Let j(f) = -f - 1. Let h(i) = 4*i + 6. Let g(t) = h(t) + 5*j(t). Give g(b).
-6
Let a = 39 - 37. Let f(h) = 10 + 3*h**2 - 13*h**2 + 4*h**2 + 7*h**a. What is f(0)?
10
Let m(v) = -2*v + 1. Let z(g) = -7*g + 3. Let s(p) = -15*m(p) + 5*z(p). Let f = -45 - -46. What is s(f)?
-5
Let s = -1865 + 1857. Let b(h) = h**2 + 6*h - 6. Give b(s).
10
Let c(a) = -22*a**3 - 13*a**2 - 4*a + 71. Let x(v) = 5*v**3 + 3*v**2 + v - 18. Let i(m) = -2*c(m) - 9*x(m). Calculate i(0).
20
Let u(h) = -h**3 - 10*h**2 + 9*h - 18. Let c be u(-11). Let t(r) = -r**3 + 3*r**2 + r - 1. Determine t(c).
-13
Let d = 76 - 40. Suppose k + d = 10*k. Let i(q) be the second derivative of -q**4/12 + q**3/2 + 2*q**2 - q. Determine i(k).
0
Let m(l) = 125*l + 11. Let g(k) = 58*k + 5. Let f(s) = -13*g(s) + 6*m(s). Give f(9).
-35
Let u(z) = -z**2 + 6*z - 5. Suppose -18*x + 105 + 3 = 0. Calculate u(x).
-5
Let v(z) = -47*z**2 + 20*z - 57. Let d(r) = -27*r**2 + 10*r - 28. Let j(g) = -7*d(g) + 4*v(g). What is j(-14)?
24
Let k(h) = -13 + 8 + h + 3. What is k(3)?
1
Let p(s) = s**2 - 9*s - 16. Let v = -684 + 694. Calculate p(v).
-6
Let q(d) = -d - 2. Let s(y) = y**2 - 10*y + 17. Let n be s(6). Let w(g) be the first derivative of -g**2 - 5*g + 1. Let j(u) = n*q(u) + 3*w(u). Calculate j(3).
2
Let v(s) = -2*s + 2. Let u be v(2). Let i = u - -5. Let a(m) = m**3 - 3*m**2 - m - 1. Let q be a(i). Let b(j) = -j + 3. What is b(q)?
7
Let j be 1*(0 + 1*-3). Let q(o) = o**2 - 4*o - 4*o**2 - 1 + 3 - 1. Give q(j).
-14
Let t(s) = 3*s**3. Let g(h) = -h**3 - h**2 + 2*h + 1. Let z be g(-3). Let i = 12 - z. Give t(i).
-3
Let w(a) = -3*a + 3. Suppose 0 = -0*g + 5*g + 95. Let o(u) = u**2 - 6*u + 7. Let n be o(8). Let y = g + n. What is w(y)?
-9
Suppose -5*o = -13 - 17. Let h(k) = -k + 1. Give h(o).
-5
Let g be (12/10)/((-14)/(-35)). Suppose 4 = g*x - x. Suppose x*v + 0*v + 2 = 0. Let o(w) = -9*w - 1. Give o(v).
8
Let y(z) = z**2 + 4*z - 2. Let f(u) be the first derivative of -u**3/3 - 2*u**2 + 2*u - 8. Let s(l) = -4*f(l) - 5*y(l). What is s(-4)?
2
Suppose -45*s + 2 = -44*s. Let n(d) be the third derivative of 1/8*d**4 + 0 - 1/2*d**3 + s*d**2 + 0*d. What is n(3)?
6
Let f(a) = -a - 5. Suppose 5*c + 39 = 5*q - 61, 0 = -3*q - 4*c + 67. Suppose 0 = 11*u - 8*u + q. Calculate f(u).
2
Let y(s) = 6*s - 18. Let k(u) = 7*u - 21. Let c(b) = -5*k(b) + 6*y(b). Let n(r) = r**2 + 6*r + 9. Let m be n(-6). Determine c(m).
6
Let q(g) = -40*g - 27*g + 10 + 104*g - 38*g. Give q(-9).
19
Let m(p) = 2*p + 1. Let n(c) = 4*c - 112. Let y be n(29). Determine m(y).
9
Let a(d) = -52*d + 9 - 18 + 53*d. Let f = 27 - 18. Calculate a(f).
0
Let u(c) = -3*c**2 + 11*c + 15. Let r(q) = 4*q**2 - 11*q - 16. Let b(h) = -4*r(h) - 5*u(h). Give b(-9).
7
Let g = -50 + 43. Let k(j) = 4*j**3 - 21*j**2 - 7*j + 4. Let h(f) = f**3 - 7*f**2 - 2*f + 1. Let n(z) = -7*h(z) + 2*k(z). What is n(g)?
1
Suppose -r + h - 15 = -6*r, -4*r + 12 = -5*h. Let b(z) = -z**2 + z - 4. Give b(r).
-10
Let z(u) = u**3 + 13*u**2 + 13*u - 17. Let j = 604 - 616. Determine z(j).
-29
Let j(w) = 42 + 2*w - 32 + 2*w. What is j(-7)?
-18
Let s(p) = -3*p**3 - 26*p**2 - 15*p - 2. Let c be s(-8). Let g(l) = -l - 5. Calculate g(c).
5
Let g(a) = a**3 - 8*a**2 + 6*a - 2. Let q = 215 - 208. Determine g(q).
-9
Let g(k) be the second derivative of -k**4/12 - 2*k**3 + 22*k**2 - 32*k. Let z be g(-15). Let s(i) = -9*i**3 + i. Give s(z).
8
Let d(x) = 7*x - 18. Let r(s) = 13*s - 38. Let p(t) = -13*d(t) + 6*r(t). Let y(f) = 6*f - 3. Let z(v) = 4*p(v) + 9*y(v). Determine z(-3).
-9
Suppose -7*j = -16 + 2. Let u(s) = 2*s**2 - s**2 - 2*s**2 + j*s**2 - 2*s. What is u(4)?
8
Let l(u) be the first derivative of -u**4/24 - 11*u**3/6 + u**2 + 10. Let x(g) be the second derivative of l(g). Let w be 0*(2/(-2) + 0). Give x(w).
-11
Let d(s) = -14*s + 16*s + 13 - 23. Let r(z) = -z + 4. Let u be r(-4). Calculate d(u).
6
Let k(c) be the second derivative of -1/60*c**5 + 0 - 1/2*c**2 - 5/24*c**4 - 14*c + c**3. Let l(u) be the first derivative of k(u). Give l(-6).
0
Let d(a) = a**2 - 4*a + 2. Let t be d(4). Let y(v) = -t + 0*v**2 + v**2 - 2 + 4*v - v. Let o = -104 - -99. Calculate y(o).
6
Let j(y) = y**2 - 10*y + 1. Let o(b) = b**2 - 10*b - 5. Let v(g) = 2*j(g) - o(g). Determine v(10).
7
Let a(q) be the second derivative of -q**3/6 - 11*q**2/2 + 4*q + 3. Calculate a(0).
-11
Let u(s) = -78 - s**2 - s - 60 + 147 + 2*s**2. Calculate u(7).
51
Let x(p) = -13*p**3 + 4*p**2 + 5*p - 1. Let n(t) = -28*t**3 + 9*t**2 + 11*t - 2. Let g(h) = 6*n(h) - 13*x(h). Determine g(-2).
-1
Let a(n) = 183 - 366 + 177 + n. What is a(12)?
6
Let j(u) = -u**2 - 3*u - 5. Let z(l) = 3*l - 3. Let y(v) = 16*v - 16. Let n(d) = -2*y(d) + 11*z(d). Let c(q) = -j(q) + 4*n(q). Calculate c(-7).
1
Let f(i) = -2*i**2 - 10*i + 6. Let v(y) = -5*y**2 - 29*y + 17. Let l(s) = -8*f(s) + 3*v(s). Let j = -19 + 25. What is l(j)?
-3
Let l(m) = -m + 10. Suppose -586*o + 578*o + 48 = 0. Calculate l(o).
4
Let q(j) = -j**2 + 16*j - 43. Let b be 51/4 - 32/(-128). Determine q(b).
-4
Let y(x) = 9*x**3 - 6*x**2 + 3*x - 1. Let z(d) = 10*d**3 - 5*d**2 + 2*d - 1. Let s(u) = -4*y(u) + 5*z(u). Calculate s(-1).
-14
Let w(o) be the third derivative of 0*o + 1/24*o**4 - 4*o**2 + 0 + 5/3*o**3. Calculate w(-6).
4
Let b(i) be the first derivative of -4*i + 11. Let q(y) = y - 11. Let z(d) = 8*b(d) - 3*q(d). Give z(-4).
13
Let b(k) be the second derivative of k**3 - 3/2*k**2 + 7/12*k**4 - 13*k + 0 + 1/20*k**5. Give b(-6).
-3
Suppose -5*z + 7*z = 8. Suppose o - 18 = -0*o - z*k, -3*o + 4 = 2*k. Let t(w) = -2 + 4*w**2 + 2*w**3 - 2*w**2 + 6*w - 4*w - 4*w. Calculate t(o).
-6
Suppose 102*j = 100*j 